{"id":33,"date":"2019-11-11T22:18:52","date_gmt":"2019-11-11T21:18:52","guid":{"rendered":"http:\/\/www.lespresleroy.fr\/?page_id=33"},"modified":"2021-10-22T19:27:32","modified_gmt":"2021-10-22T17:27:32","slug":"parrainer-une-ruche","status":"publish","type":"page","link":"https:\/\/www.lespresleroy.fr\/index.php\/parrainer-une-ruche\/","title":{"rendered":"Parrainer une ruche"},"content":{"rendered":"\t\t<div data-elementor-type=\"wp-page\" data-elementor-id=\"33\" class=\"elementor elementor-33\">\n\t\t\t\t\t\t\t\t\t<section class=\"elementor-section elementor-top-section elementor-element elementor-element-5745d4e elementor-section-boxed elementor-section-height-default elementor-section-height-default\" data-id=\"5745d4e\" data-element_type=\"section\">\n\t\t\t\t\t\t<div class=\"elementor-container elementor-column-gap-default\">\n\t\t\t\t\t<div class=\"elementor-column elementor-col-100 elementor-top-column elementor-element elementor-element-31d8e64\" data-id=\"31d8e64\" data-element_type=\"column\">\n\t\t\t<div class=\"elementor-widget-wrap elementor-element-populated\">\n\t\t\t\t\t\t\t\t<div class=\"elementor-element elementor-element-6d2ab81 elementor-widget elementor-widget-heading\" data-id=\"6d2ab81\" data-element_type=\"widget\" data-widget_type=\"heading.default\">\n\t\t\t\t<div class=\"elementor-widget-container\">\n\t\t\t<h2 class=\"elementor-heading-title elementor-size-medium\">Les Pr\u00e9s Leroy partenaire d'Un toit pour les abeilles<\/h2>\t\t<\/div>\n\t\t\t\t<\/div>\n\t\t\t\t\t<\/div>\n\t\t<\/div>\n\t\t\t\t\t\t\t<\/div>\n\t\t<\/section>\n\t\t\t\t<section class=\"elementor-section elementor-top-section elementor-element elementor-element-4a23095 elementor-section-full_width elementor-section-height-default elementor-section-height-default\" data-id=\"4a23095\" data-element_type=\"section\">\n\t\t\t\t\t\t<div class=\"elementor-container elementor-column-gap-default\">\n\t\t\t\t\t<div class=\"elementor-column elementor-col-50 elementor-top-column elementor-element elementor-element-b0e3cb9\" data-id=\"b0e3cb9\" data-element_type=\"column\">\n\t\t\t<div class=\"elementor-widget-wrap elementor-element-populated\">\n\t\t\t\t\t\t\t\t<div class=\"elementor-element elementor-element-58465b9 elementor-widget__width-auto elementor-widget elementor-widget-image\" data-id=\"58465b9\" data-element_type=\"widget\" data-widget_type=\"image.default\">\n\t\t\t\t<div class=\"elementor-widget-container\">\n\t\t\t\t\t\t\t\t\t\t\t\t\t\t\t<img fetchpriority=\"high\" decoding=\"async\" width=\"1536\" height=\"890\" src=\"https:\/\/www.lespresleroy.fr\/wp-content\/uploads\/2021\/06\/x1080-1536x890.jpg\" class=\"attachment-1536x1536 size-1536x1536 wp-image-225\" alt=\"\" srcset=\"https:\/\/www.lespresleroy.fr\/wp-content\/uploads\/2021\/06\/x1080-1536x890.jpg 1536w, https:\/\/www.lespresleroy.fr\/wp-content\/uploads\/2021\/06\/x1080-300x174.jpg 300w, https:\/\/www.lespresleroy.fr\/wp-content\/uploads\/2021\/06\/x1080-1024x593.jpg 1024w, https:\/\/www.lespresleroy.fr\/wp-content\/uploads\/2021\/06\/x1080-768x445.jpg 768w, https:\/\/www.lespresleroy.fr\/wp-content\/uploads\/2021\/06\/x1080.jpg 1864w\" sizes=\"(max-width: 1536px) 100vw, 1536px\" \/>\t\t\t\t\t\t\t\t\t\t\t\t\t\t\t<\/div>\n\t\t\t\t<\/div>\n\t\t\t\t\t<\/div>\n\t\t<\/div>\n\t\t\t\t<div class=\"elementor-column elementor-col-50 elementor-top-column elementor-element elementor-element-d56daa0\" data-id=\"d56daa0\" data-element_type=\"column\">\n\t\t\t<div class=\"elementor-widget-wrap elementor-element-populated\">\n\t\t\t\t\t\t\t\t<div class=\"elementor-element elementor-element-ec38603 elementor-widget elementor-widget-text-editor\" data-id=\"ec38603\" data-element_type=\"widget\" data-widget_type=\"text-editor.default\">\n\t\t\t\t<div class=\"elementor-widget-container\">\n\t\t\t\t\t\t\t<div class=\"col-2-5\"><p><strong>Un Toit Pour Les Abeilles<\/strong> a l\u2019ambition de participer \u00e0 la sauvegarde des abeilles et au d\u00e9veloppement des colonies.<\/p><p>Notre moyen d\u2019action est le parrainage : nous proposons aux entreprises et aux particuliers de parrainer l\u2019outil de travail des abeilles, leur ruche.\u00a0En remerciement, les abeilles offrent \u00e0 leur parrain le fruit de leur travail, une partie de leur miel.<\/p><p>Chaque ann\u00e9e, les parrains re\u00e7oivent les pots de miel correspondant \u00e0 leur parrainage. Leur logo ou leur nom figure sur l\u2019\u00e9tiquette des pots.<\/p><\/div>\t\t\t\t\t\t<\/div>\n\t\t\t\t<\/div>\n\t\t\t\t\t<\/div>\n\t\t<\/div>\n\t\t\t\t\t\t\t<\/div>\n\t\t<\/section>\n\t\t\t\t<section class=\"elementor-section elementor-top-section elementor-element elementor-element-52b0c29 elementor-section-boxed elementor-section-height-default elementor-section-height-default\" data-id=\"52b0c29\" data-element_type=\"section\">\n\t\t\t\t\t\t<div class=\"elementor-container elementor-column-gap-default\">\n\t\t\t\t\t<div class=\"elementor-column elementor-col-100 elementor-top-column elementor-element elementor-element-d20e631\" data-id=\"d20e631\" data-element_type=\"column\">\n\t\t\t<div class=\"elementor-widget-wrap elementor-element-populated\">\n\t\t\t\t\t\t\t\t<div class=\"elementor-element elementor-element-bf7f41a elementor-widget elementor-widget-heading\" data-id=\"bf7f41a\" data-element_type=\"widget\" data-widget_type=\"heading.default\">\n\t\t\t\t<div class=\"elementor-widget-container\">\n\t\t\t<h2 class=\"elementor-heading-title elementor-size-large\">Pour les entreprises<\/h2>\t\t<\/div>\n\t\t\t\t<\/div>\n\t\t\t\t\t<\/div>\n\t\t<\/div>\n\t\t\t\t\t\t\t<\/div>\n\t\t<\/section>\n\t\t\t\t<section class=\"elementor-section elementor-top-section elementor-element elementor-element-d621397 elementor-section-boxed elementor-section-height-default elementor-section-height-default\" data-id=\"d621397\" data-element_type=\"section\">\n\t\t\t\t\t\t<div class=\"elementor-container elementor-column-gap-default\">\n\t\t\t\t\t<div class=\"elementor-column elementor-col-100 elementor-top-column elementor-element elementor-element-667a319\" data-id=\"667a319\" data-element_type=\"column\">\n\t\t\t<div class=\"elementor-widget-wrap elementor-element-populated\">\n\t\t\t\t\t\t\t\t<div class=\"elementor-element elementor-element-a6ec92d elementor-widget elementor-widget-image\" data-id=\"a6ec92d\" data-element_type=\"widget\" data-widget_type=\"image.default\">\n\t\t\t\t<div class=\"elementor-widget-container\">\n\t\t\t\t\t\t\t\t\t\t\t\t\t\t\t<img decoding=\"async\" width=\"904\" height=\"322\" src=\"https:\/\/www.lespresleroy.fr\/wp-content\/uploads\/2021\/06\/utpla-le-concept-entreprises.jpg\" class=\"attachment-2048x2048 size-2048x2048 wp-image-226\" alt=\"\" srcset=\"https:\/\/www.lespresleroy.fr\/wp-content\/uploads\/2021\/06\/utpla-le-concept-entreprises.jpg 904w, https:\/\/www.lespresleroy.fr\/wp-content\/uploads\/2021\/06\/utpla-le-concept-entreprises-300x107.jpg 300w, https:\/\/www.lespresleroy.fr\/wp-content\/uploads\/2021\/06\/utpla-le-concept-entreprises-768x274.jpg 768w\" sizes=\"(max-width: 904px) 100vw, 904px\" \/>\t\t\t\t\t\t\t\t\t\t\t\t\t\t\t<\/div>\n\t\t\t\t<\/div>\n\t\t\t\t\t<\/div>\n\t\t<\/div>\n\t\t\t\t\t\t\t<\/div>\n\t\t<\/section>\n\t\t\t\t<section class=\"elementor-section elementor-top-section elementor-element elementor-element-5ce429e elementor-section-boxed elementor-section-height-default elementor-section-height-default\" data-id=\"5ce429e\" data-element_type=\"section\">\n\t\t\t\t\t\t<div class=\"elementor-container elementor-column-gap-default\">\n\t\t\t\t\t<div class=\"elementor-column elementor-col-100 elementor-top-column elementor-element elementor-element-639d092\" data-id=\"639d092\" data-element_type=\"column\">\n\t\t\t<div class=\"elementor-widget-wrap elementor-element-populated\">\n\t\t\t\t\t\t\t\t<div class=\"elementor-element elementor-element-0181b56 elementor-widget elementor-widget-heading\" data-id=\"0181b56\" data-element_type=\"widget\" data-widget_type=\"heading.default\">\n\t\t\t\t<div class=\"elementor-widget-container\">\n\t\t\t<h2 class=\"elementor-heading-title elementor-size-large\">Pour les particuliers<\/h2>\t\t<\/div>\n\t\t\t\t<\/div>\n\t\t\t\t\t<\/div>\n\t\t<\/div>\n\t\t\t\t\t\t\t<\/div>\n\t\t<\/section>\n\t\t\t\t<section class=\"elementor-section elementor-top-section elementor-element elementor-element-44abce4 elementor-section-full_width elementor-section-height-default elementor-section-height-default\" data-id=\"44abce4\" data-element_type=\"section\">\n\t\t\t\t\t\t<div class=\"elementor-container elementor-column-gap-default\">\n\t\t\t\t\t<div class=\"elementor-column elementor-col-100 elementor-top-column elementor-element elementor-element-09c8aa3\" data-id=\"09c8aa3\" data-element_type=\"column\">\n\t\t\t<div class=\"elementor-widget-wrap elementor-element-populated\">\n\t\t\t\t\t\t\t\t<div class=\"elementor-element elementor-element-8b5919b elementor-widget elementor-widget-image\" data-id=\"8b5919b\" data-element_type=\"widget\" data-widget_type=\"image.default\">\n\t\t\t\t<div class=\"elementor-widget-container\">\n\t\t\t\t\t\t\t\t\t\t\t\t\t\t\t<img decoding=\"async\" width=\"640\" height=\"228\" src=\"https:\/\/www.lespresleroy.fr\/wp-content\/uploads\/2021\/06\/utpla-le-concept-particuliers.jpg\" class=\"attachment-large size-large wp-image-227\" alt=\"\" srcset=\"https:\/\/www.lespresleroy.fr\/wp-content\/uploads\/2021\/06\/utpla-le-concept-particuliers.jpg 904w, https:\/\/www.lespresleroy.fr\/wp-content\/uploads\/2021\/06\/utpla-le-concept-particuliers-300x107.jpg 300w, https:\/\/www.lespresleroy.fr\/wp-content\/uploads\/2021\/06\/utpla-le-concept-particuliers-768x274.jpg 768w\" sizes=\"(max-width: 640px) 100vw, 640px\" \/>\t\t\t\t\t\t\t\t\t\t\t\t\t\t\t<\/div>\n\t\t\t\t<\/div>\n\t\t\t\t\t<\/div>\n\t\t<\/div>\n\t\t\t\t\t\t\t<\/div>\n\t\t<\/section>\n\t\t\t\t<section class=\"elementor-section elementor-top-section elementor-element elementor-element-f10a6c1 elementor-section-boxed elementor-section-height-default elementor-section-height-default\" data-id=\"f10a6c1\" data-element_type=\"section\">\n\t\t\t\t\t\t<div class=\"elementor-container elementor-column-gap-default\">\n\t\t\t\t\t<div class=\"elementor-column elementor-col-100 elementor-top-column elementor-element elementor-element-e0423aa\" data-id=\"e0423aa\" data-element_type=\"column\">\n\t\t\t<div class=\"elementor-widget-wrap elementor-element-populated\">\n\t\t\t\t\t\t\t\t<div class=\"elementor-element elementor-element-e025bd7 elementor-align-center elementor-invisible elementor-widget elementor-widget-button\" data-id=\"e025bd7\" data-element_type=\"widget\" data-settings=\"{&quot;_animation&quot;:&quot;zoomIn&quot;}\" data-widget_type=\"button.default\">\n\t\t\t\t<div class=\"elementor-widget-container\">\n\t\t\t\t\t<div class=\"elementor-button-wrapper\">\n\t\t\t<a class=\"elementor-button elementor-button-link elementor-size-xl elementor-animation-push\" href=\"https:\/\/www.untoitpourlesabeilles.fr\/parrainage-choix-abeilles?r=147&#038;nom=147-le-rucher-du-porteau\" target=\"_blank\" rel=\"nofollow\">\n\t\t\t\t\t\t<span class=\"elementor-button-content-wrapper\">\n\t\t\t\t\t\t<span class=\"elementor-button-icon elementor-align-icon-left\">\n\t\t\t\t<i aria-hidden=\"true\" class=\"fas fa-hand-holding-heart\"><\/i>\t\t\t<\/span>\n\t\t\t\t\t\t<span class=\"elementor-button-text\">Parrainer les abeilles de Cl\u00e9ment<\/span>\n\t\t<\/span>\n\t\t\t\t\t<\/a>\n\t\t<\/div>\n\t\t\t\t<\/div>\n\t\t\t\t<\/div>\n\t\t\t\t\t<\/div>\n\t\t<\/div>\n\t\t\t\t\t\t\t<\/div>\n\t\t<\/section>\n\t\t\t\t\t\t\t<\/div>\n\t\t","protected":false},"excerpt":{"rendered":"<p>Les Pr\u00e9s Leroy partenaire d&rsquo;Un toit pour les abeilles Un Toit Pour Les Abeilles a l\u2019ambition de participer \u00e0 la sauvegarde des abeilles et au&#8230;<\/p>\n","protected":false},"author":1,"featured_media":252,"parent":0,"menu_order":0,"comment_status":"closed","ping_status":"closed","template":"","meta":{"footnotes":""},"yoast_head":"<!-- This site is optimized with the Yoast SEO plugin v22.1 - https:\/\/yoast.com\/wordpress\/plugins\/seo\/ -->\n<title>Parrainer une ruche - Les Pr\u00e9s Leroy<\/title>\n<meta name=\"description\" content=\"Les Pr\u00e9s Leroy est partenaire d\u2019Un toit pour les abeilles qui vous propose de parrainer des abeilles d&#039;un apiculteur local \u00e0 Poitiers.\" \/>\n<meta name=\"robots\" content=\"index, follow, max-snippet:-1, max-image-preview:large, max-video-preview:-1\" \/>\n<link rel=\"canonical\" href=\"https:\/\/www.lespresleroy.fr\/index.php\/parrainer-une-ruche\/\" \/>\n<meta property=\"og:locale\" content=\"fr_FR\" \/>\n<meta property=\"og:type\" content=\"article\" \/>\n<meta property=\"og:title\" content=\"Parrainer une ruche - Les Pr\u00e9s Leroy\" \/>\n<meta property=\"og:description\" content=\"Les Pr\u00e9s Leroy est partenaire d\u2019Un toit pour les abeilles qui vous propose de parrainer des abeilles d&#039;un apiculteur local \u00e0 Poitiers.\" \/>\n<meta property=\"og:url\" content=\"https:\/\/www.lespresleroy.fr\/index.php\/parrainer-une-ruche\/\" \/>\n<meta property=\"og:site_name\" content=\"Les Pr\u00e9s Leroy\" \/>\n<meta property=\"article:modified_time\" content=\"2021-10-22T17:27:32+00:00\" \/>\n<meta property=\"og:image\" content=\"https:\/\/www.lespresleroy.fr\/wp-content\/uploads\/2021\/06\/1616406936758.jpg\" \/>\n\t<meta property=\"og:image:width\" content=\"1080\" \/>\n\t<meta property=\"og:image:height\" content=\"316\" \/>\n\t<meta property=\"og:image:type\" content=\"image\/jpeg\" \/>\n<meta name=\"twitter:card\" content=\"summary_large_image\" \/>\n<meta name=\"twitter:label1\" content=\"Dur\u00e9e de lecture estim\u00e9e\" \/>\n\t<meta name=\"twitter:data1\" content=\"2 minutes\" \/>\n<script type=\"application\/ld+json\" class=\"yoast-schema-graph\">{\"@context\":\"https:\/\/schema.org\",\"@graph\":[{\"@type\":\"WebPage\",\"@id\":\"https:\/\/www.lespresleroy.fr\/index.php\/parrainer-une-ruche\/\",\"url\":\"https:\/\/www.lespresleroy.fr\/index.php\/parrainer-une-ruche\/\",\"name\":\"Parrainer une ruche - Les Pr\u00e9s Leroy\",\"isPartOf\":{\"@id\":\"https:\/\/www.lespresleroy.fr\/#website\"},\"datePublished\":\"2019-11-11T21:18:52+00:00\",\"dateModified\":\"2021-10-22T17:27:32+00:00\",\"description\":\"Les Pr\u00e9s Leroy est partenaire d\u2019Un toit pour les abeilles qui vous propose de parrainer des abeilles d'un apiculteur local \u00e0 Poitiers.\",\"breadcrumb\":{\"@id\":\"https:\/\/www.lespresleroy.fr\/index.php\/parrainer-une-ruche\/#breadcrumb\"},\"inLanguage\":\"fr-FR\",\"potentialAction\":[{\"@type\":\"ReadAction\",\"target\":[\"https:\/\/www.lespresleroy.fr\/index.php\/parrainer-une-ruche\/\"]}]},{\"@type\":\"BreadcrumbList\",\"@id\":\"https:\/\/www.lespresleroy.fr\/index.php\/parrainer-une-ruche\/#breadcrumb\",\"itemListElement\":[{\"@type\":\"ListItem\",\"position\":1,\"name\":\"Accueil\",\"item\":\"https:\/\/www.lespresleroy.fr\/\"},{\"@type\":\"ListItem\",\"position\":2,\"name\":\"Parrainer une ruche\"}]},{\"@type\":\"WebSite\",\"@id\":\"https:\/\/www.lespresleroy.fr\/#website\",\"url\":\"https:\/\/www.lespresleroy.fr\/\",\"name\":\"Les Pr\u00e9s Leroy\",\"description\":\"Apiculteur de Poitiers\",\"publisher\":{\"@id\":\"https:\/\/www.lespresleroy.fr\/#organization\"},\"potentialAction\":[{\"@type\":\"SearchAction\",\"target\":{\"@type\":\"EntryPoint\",\"urlTemplate\":\"https:\/\/www.lespresleroy.fr\/?s={search_term_string}\"},\"query-input\":\"required name=search_term_string\"}],\"inLanguage\":\"fr-FR\"},{\"@type\":\"Organization\",\"@id\":\"https:\/\/www.lespresleroy.fr\/#organization\",\"name\":\"Les Pr\u00e9s Leroy\",\"url\":\"https:\/\/www.lespresleroy.fr\/\",\"logo\":{\"@type\":\"ImageObject\",\"inLanguage\":\"fr-FR\",\"@id\":\"https:\/\/www.lespresleroy.fr\/#\/schema\/logo\/image\/\",\"url\":\"https:\/\/www.lespresleroy.fr\/wp-content\/uploads\/2019\/11\/abeille.jpg\",\"contentUrl\":\"https:\/\/www.lespresleroy.fr\/wp-content\/uploads\/2019\/11\/abeille.jpg\",\"width\":1600,\"height\":1051,\"caption\":\"Les Pr\u00e9s Leroy\"},\"image\":{\"@id\":\"https:\/\/www.lespresleroy.fr\/#\/schema\/logo\/image\/\"}}]}<\/script>\n<!-- \/ Yoast SEO plugin. -->","yoast_head_json":{"title":"Parrainer une ruche - Les Pr\u00e9s Leroy","description":"Les Pr\u00e9s Leroy est partenaire d\u2019Un toit pour les abeilles qui vous propose de parrainer des abeilles d'un apiculteur local \u00e0 Poitiers.","robots":{"index":"index","follow":"follow","max-snippet":"max-snippet:-1","max-image-preview":"max-image-preview:large","max-video-preview":"max-video-preview:-1"},"canonical":"https:\/\/www.lespresleroy.fr\/index.php\/parrainer-une-ruche\/","og_locale":"fr_FR","og_type":"article","og_title":"Parrainer une ruche - Les Pr\u00e9s Leroy","og_description":"Les Pr\u00e9s Leroy est partenaire d\u2019Un toit pour les abeilles qui vous propose de parrainer des abeilles d'un apiculteur local \u00e0 Poitiers.","og_url":"https:\/\/www.lespresleroy.fr\/index.php\/parrainer-une-ruche\/","og_site_name":"Les Pr\u00e9s Leroy","article_modified_time":"2021-10-22T17:27:32+00:00","og_image":[{"width":1080,"height":316,"url":"https:\/\/www.lespresleroy.fr\/wp-content\/uploads\/2021\/06\/1616406936758.jpg","type":"image\/jpeg"}],"twitter_card":"summary_large_image","twitter_misc":{"Dur\u00e9e de lecture estim\u00e9e":"2 minutes"},"schema":{"@context":"https:\/\/schema.org","@graph":[{"@type":"WebPage","@id":"https:\/\/www.lespresleroy.fr\/index.php\/parrainer-une-ruche\/","url":"https:\/\/www.lespresleroy.fr\/index.php\/parrainer-une-ruche\/","name":"Parrainer une ruche - Les Pr\u00e9s Leroy","isPartOf":{"@id":"https:\/\/www.lespresleroy.fr\/#website"},"datePublished":"2019-11-11T21:18:52+00:00","dateModified":"2021-10-22T17:27:32+00:00","description":"Les Pr\u00e9s Leroy est partenaire d\u2019Un toit pour les abeilles qui vous propose de parrainer des abeilles d'un apiculteur local \u00e0 Poitiers.","breadcrumb":{"@id":"https:\/\/www.lespresleroy.fr\/index.php\/parrainer-une-ruche\/#breadcrumb"},"inLanguage":"fr-FR","potentialAction":[{"@type":"ReadAction","target":["https:\/\/www.lespresleroy.fr\/index.php\/parrainer-une-ruche\/"]}]},{"@type":"BreadcrumbList","@id":"https:\/\/www.lespresleroy.fr\/index.php\/parrainer-une-ruche\/#breadcrumb","itemListElement":[{"@type":"ListItem","position":1,"name":"Accueil","item":"https:\/\/www.lespresleroy.fr\/"},{"@type":"ListItem","position":2,"name":"Parrainer une ruche"}]},{"@type":"WebSite","@id":"https:\/\/www.lespresleroy.fr\/#website","url":"https:\/\/www.lespresleroy.fr\/","name":"Les Pr\u00e9s Leroy","description":"Apiculteur de Poitiers","publisher":{"@id":"https:\/\/www.lespresleroy.fr\/#organization"},"potentialAction":[{"@type":"SearchAction","target":{"@type":"EntryPoint","urlTemplate":"https:\/\/www.lespresleroy.fr\/?s={search_term_string}"},"query-input":"required name=search_term_string"}],"inLanguage":"fr-FR"},{"@type":"Organization","@id":"https:\/\/www.lespresleroy.fr\/#organization","name":"Les Pr\u00e9s Leroy","url":"https:\/\/www.lespresleroy.fr\/","logo":{"@type":"ImageObject","inLanguage":"fr-FR","@id":"https:\/\/www.lespresleroy.fr\/#\/schema\/logo\/image\/","url":"https:\/\/www.lespresleroy.fr\/wp-content\/uploads\/2019\/11\/abeille.jpg","contentUrl":"https:\/\/www.lespresleroy.fr\/wp-content\/uploads\/2019\/11\/abeille.jpg","width":1600,"height":1051,"caption":"Les Pr\u00e9s Leroy"},"image":{"@id":"https:\/\/www.lespresleroy.fr\/#\/schema\/logo\/image\/"}}]}},"_links":{"self":[{"href":"https:\/\/www.lespresleroy.fr\/index.php\/wp-json\/wp\/v2\/pages\/33"}],"collection":[{"href":"https:\/\/www.lespresleroy.fr\/index.php\/wp-json\/wp\/v2\/pages"}],"about":[{"href":"https:\/\/www.lespresleroy.fr\/index.php\/wp-json\/wp\/v2\/types\/page"}],"author":[{"embeddable":true,"href":"https:\/\/www.lespresleroy.fr\/index.php\/wp-json\/wp\/v2\/users\/1"}],"replies":[{"embeddable":true,"href":"https:\/\/www.lespresleroy.fr\/index.php\/wp-json\/wp\/v2\/comments?post=33"}],"version-history":[{"count":30,"href":"https:\/\/www.lespresleroy.fr\/index.php\/wp-json\/wp\/v2\/pages\/33\/revisions"}],"predecessor-version":[{"id":268,"href":"https:\/\/www.lespresleroy.fr\/index.php\/wp-json\/wp\/v2\/pages\/33\/revisions\/268"}],"wp:featuredmedia":[{"embeddable":true,"href":"https:\/\/www.lespresleroy.fr\/index.php\/wp-json\/wp\/v2\/media\/252"}],"wp:attachment":[{"href":"https:\/\/www.lespresleroy.fr\/index.php\/wp-json\/wp\/v2\/media?parent=33"}],"curies":[{"name":"wp","href":"https:\/\/api.w.org\/{rel}","templated":true}]}}